List the prime factors of p.
2
Let k be (0 - -1)*(0 + 23). Suppose 5*h - k - 12 = 0. What are the prime factors of h?
7
Let i(r) = r**2 + 5*r + 3. Let j be i(-5). Suppose j*u + 2*u - 15 = 0. What are the prime factors of u?
3
Let g = -58 + 102. List the prime factors of g.
2, 11
Let r(b) = -b**3 + 8*b**2 + 2. Let l be r(8). Let m = 6 - l. What are the prime factors of m?
2
Let z = 1 - 2. Let c be ((-48)/(z + -1))/1. List the prime factors of (0 - 1) + c/6.
3
Let w be (2/3)/((-6)/(-27)). Let m = -1 + w. List the prime factors of m.
2
Let b = 10 - 7. Suppose -b*p + 28 = p. List the prime factors of p.
7
Let q(y) = 3*y + 26. Suppose o - 8 = 3*o. Let m(n) = -n - 9. Let d(v) = o*q(v) - 11*m(v). What are the prime factors of d(-9)?
2
Let a(p) be the second derivative of p**3/2 - 9*p**2/2 - 3*p. Let s(r) = -2*r - 5. Let i be s(-6). What are the prime factors of a(i)?
2, 3
What are the prime factors of (-3900)/(-15) + 1*4?
2, 3, 11
Suppose -5*j = c - 5, j = -4*j - 2*c. Suppose 4 + j = 2*h. Suppose -30 = h*k - 6*k. What are the prime factors of k?
2, 5
List the prime factors of ((-8)/(-2) - 2) + 5.
7
Let d(i) = -i - 1. Let h be d(-10). Let p(v) = v + 1. What are the prime factors of p(h)?
2, 5
Let q = 4 + -1. Let t = q + 18. List the prime factors of t/4*16/6.
2, 7
Suppose -u + 1 + 46 = 0. What are the prime factors of u?
47
Suppose 0*g + 20 = -2*g. Let d be 5*((-36)/g + -3). Suppose h + 2*h - 19 = -2*f, -5*h + 29 = d*f. List the prime factors of f.
2
Let d(h) = h**3 + 4*h**2 - 5*h + 3. Suppose 4*o = -2*l - 4, -4*l - l + 2*o = 22. Let g be d(l). Let r = g + -16. What are the prime factors of r?
7
Suppose -10 = 2*v - 246. Suppose 4*u = v - 14. Suppose -3*f - 2*s = -u, 5*s - 37 = -3*f - f. What are the prime factors of f?
2
Let z(c) = 4*c**2 - 1 + 5*c + 5 - 5*c**2 - 2*c. Let f be z(3). What are the prime factors of f/(-2 - (-24)/9)?
2, 3
Let z be ((-12)/(-10))/(4/10). Suppose t + 14 = -3*d, 18 = -5*d + z*t + 4. What are the prime factors of (-6)/(-9)*(-54)/d?
3
Let h(d) = -3*d - 1. Let p be h(-3). Let n = 4 + p. Let s = n - -1. List the prime factors of s.
13
Suppose -3*g = -3*f + 48, -f - 4*g = -2*g - 28. What are the prime factors of f/(-6)*270/(-25)?
2, 3
Let n be 10/(-2 + 3 - 3). Let k(u) be the second derivative of u**4/6 + 4*u**3/3 + 5*u**2/2 - u. List the prime factors of k(n).
3, 5
Let k(n) = 3*n. Let h be k(1). Suppose -12 = -h*a - 3. Suppose -a = -3*j + 15. What are the prime factors of j?
2, 3
Suppose 4 = -2*k + 4*k. Suppose k*a = 4*a - 42. What are the prime factors of a?
3, 7
Let g = -55 + 108. What are the prime factors of g?
53
Let y(m) = -m**2 + 3*m + 5. Let z be y(4). Let j = 2 - 1. Let n = j + z. List the prime factors of n.
2
Let g(d) = d**2 - 2*d + 2. Let c be g(2). Suppose v - 3 = c*v. What are the prime factors of v*2/(-3) + 11?
13
Let v = -6 + 18. Let d = 27 - v. What are the prime factors of d?
3, 5
Let h(a) = a + 6. Let i be h(-10). Let v be (-316)/3 - i/12. What are the prime factors of v/(-5)*(-4)/(-6)?
2, 7
Let x(g) = 2*g**2 - 3*g + 2. Let l(o) = -5*o**2 + 7*o - 5. Let r(y) = 3*l(y) + 7*x(y). Let c be r(1). List the prime factors of (-3 - 23)*1/c.
13
List the prime factors of 15 - (-4)/(8 + -4).
2
Suppose 0 = -5*x + 162 - 22. List the prime factors of x.
2, 7
Let q(x) be the second derivative of -3*x**3/2 - 2*x**2 + 2*x. What are the prime factors of q(-3)?
23
Let w(q) = -q - 1. Let i = -3 - 1. What are the prime factors of w(i)?
3
Suppose 5*r = -3*i - 537 - 1098, -2*r + 5*i = 623. Let q be 2/(-11) - r/(-33). List the prime factors of ((-18)/15)/(3/q).
2
Suppose -b + 59 = 4*h, -15 = -2*h + 5*b + 20. Let x = 54 - h. Suppose -3*s = -3*a + x, -3*a = -0*a + s - 19. What are the prime factors of a?
2
Let a(m) = -m**3 - 10*m**2 - 32*m + 1. What are the prime factors of a(-10)?
3, 107
Suppose 0*x = -x - 2*y + 144, 0 = 3*x - 5*y - 388. List the prime factors of x.
2, 17
Suppose 0 = -3*q - 0 + 9. Let u(j) = 4 + j + 3*j + q*j**2 - 2*j**2 - 7*j. What are the prime factors of u(3)?
2
Let w(b) = -b**2 + 8 + 2*b - 6 + 2*b + 2*b**2. Let q be w(-2). List the prime factors of (q/3)/(10/(-105)).
7
Let k = -162 + 236. Suppose 3*x - k = x. List the prime factors of x.
37
Let f(w) = -w**2 - 2*w + 2. Let y be f(-4). List the prime factors of 44/3 - y/(-9).
2, 7
Suppose -2*o = -7*o - 2*q - 160, -4*o + 4*q = 100. Let p = o + 48. List the prime factors of p.
2, 3
Let a(h) = -h**2 + 8*h + 10. Let l be a(9). Suppose -8 = -s - l. What are the prime factors of s?
7
What are the prime factors of (12/(-15))/((-4)/90)?
2, 3
Suppose 2*y - 23 = -0*m + m, 0 = -4*m - 2*y - 52. Let d = 35 + m. What are the prime factors of d?
2, 5
Suppose -4 - 2 = y - 5*c, -5*c = 4*y - 76. Let k = 27 - y. List the prime factors of k.
13
Let g(o) = o**2 - o - 4. Let x be g(4). Suppose 2*k = -5*i + 32, -x*k = i - 3*k - 11. Suppose 0 = 2*y - 5*y + i. List the prime factors of y.
2
Suppose 3*k - 135 = 2*o, 4 - 13 = 3*o. Suppose -f = -j + k, 4*f - 148 = -0*j - 4*j. What are the prime factors of j?
2, 5
Let o(i) = i**2 - i - 4. Let s be o(3). Suppose 0 = -q + s - 1. Let w = q - -2. What are the prime factors of w?
3
Suppose 61*h = 57*h + 224. What are the prime factors of h?
2, 7
Suppose 5*a - 175 = -5*q, 2*a + 3*a = -3*q + 113. What are the prime factors of q?
31
Let o be (8/6)/((-2)/(-3)). Let v be (1 - 4)*2/o. List the prime factors of (v/(-2))/((-2)/(-12)).
3
Let d be 0 + 0/4 + 3. Suppose d*t = -20 + 50. What are the prime factors of t?
2, 5
Let l = 3 - 5. What are the prime factors of (-1 - l)*(0 + 11)?
11
Let k(s) = -s**3 + 2*s**2 + 3*s + 3. Let n(j) = 2*j**3 - 5*j**2 - 6*j - 7. Let f(o) = 13*k(o) + 6*n(o). What are the prime factors of f(-5)?
7
Let j = -2 + 6. Suppose -j*u + 6*u = 48. List the prime factors of u.
2, 3
Suppose -u = -0*u + 5*f + 1, -5*f + 29 = -4*u. Let y be (-54)/u - (-2)/1. Let v = -3 + y. What are the prime factors of v?
2
Suppose 0 = -5*k + 6*w - w - 25, 4*k = 2*w - 10. Let v(g) be the first derivative of g**2/2 + 17*g + 2. List the prime factors of v(k).
17
Suppose 0*j - 2*j = -6. Let i = j + 6. What are the prime factors of i?
3
Suppose -6*c + 2*c + 4 = 0. Let z be 19*((-1)/c)/1. Let r = 28 + z. List the prime factors of r.
3
Let d = 65 + -25. What are the prime factors of d?
2, 5
Suppose -4*j = -4*y - 0*y + 440, 419 = 4*y + 3*j. List the prime factors of y.
107
Let i(n) = -n + 3. Let p be i(-7). Suppose -122 = -4*f - p. List the prime factors of f.
2, 7
Let a(r) = -r**3 - 3*r**2 - 6*r - 3. What are the prime factors of a(-4)?
37
Let i = -4 + 0. List the prime factors of 22*((-2)/i - 0).
11
Let x = 32 - -341. Suppose -x = -5*s - 2*o, 0 = -o + 6*o + 5. Suppose 6*g - 4*g + 19 = j, s = 5*j - 5*g. List the prime factors of j.
11
Let g = -80 + 134. List the prime factors of g.
2, 3
Let l(t) = t - 1. Let z be l(5). Let p = z + -10. Let w = 8 + p. List the prime factors of w.
2
Let k(o) = -3*o**2 + 11*o**2 + 6*o**2 + o - 4*o**2. List the prime factors of k(-1).
3
Suppose 0 = m + 2*m + 3*j + 3, -5*j = 2*m + 5. Suppose m = 7*n - 3*n - 56. List the prime factors of n.
2, 7
Let j = -27 - -48. Suppose -h + 18 = -r - 3*r, 4*h + r - j = 0. List the prime factors of h.
2, 3
Suppose 5*r + 5 = -2*u, 1 + 2 = -2*u - 3*r. Suppose 28 = -u*d - 2*d. What are the prime factors of 4/d - (-79)/7?
11
Let n(g) = -g**3 + 4*g - 4*g + 4 - 4*g**2 - 6*g. List the prime factors of n(-3).
13
Let g(s) be the third derivative of s**8/20160 - s**7/720 + s**6/240 + s**5/30 - s**2. Let l(d) be the third derivative of g(d). List the prime factors of l(7).
3
Let g be 2/(-8) + 85794/(-24). List the prime factors of 4/(-14) + g/(-91).
3, 13
Let p be (2/2 - 2)/1. Suppose -2 = 5*n - 47. List the prime factors of -1 + n + 2*p.
2, 3
Suppose 4*y = 5*u + 580, 2*y + 2*u + 148 = 3*y. Suppose 0 = -2*q - 3*q + y. List the prime factors of q.
2, 7
Let b be 2/4 - 34/4. Let d = -5 - b. List the prime factors of -4*(-2 + -2 + d).
2
Suppose 5*c - 21 = -4*i, -4*i + 4*c - 16 - 8 = 0. Suppose 31 = -3*r + 82. Let q = i + r. List the prime factors of q.
2
Suppose -2*x - 3*x + 155 = 0. List the prime factors of x.
31
Let u(d) = d + 13. Let q be u(-9). Let y(r) = 20*r**2 + r. Let a be y(1). Suppose -q*o = 1 - a. List the prime factors of o.
5
Suppose 190 = 3*h + 46. List the prime factors of 1/(1*4/h).
2, 3
Suppose 0 